{"id":1153,"date":"2019-12-12T09:49:29","date_gmt":"2019-12-12T08:49:29","guid":{"rendered":"https:\/\/visite-lyon.fr\/scolaires\/?page_id=1153"},"modified":"2024-07-09T09:24:01","modified_gmt":"2024-07-09T08:24:01","slug":"accessibilite","status":"publish","type":"page","link":"https:\/\/visite-lyon.fr\/scolaires\/accessibilite\/","title":{"rendered":"Accessibilit\u00e9"},"content":{"rendered":"<p>Depuis d\u00e9but 2019, nous travaillons pour rendre nos visites accessibles aux diff\u00e9rents types de handicaps.<\/p>\n<ul>\n<li>Nous travaillons avec la Cie On Off, sp\u00e9cialis\u00e9e en spectacles et activit\u00e9s culturelles pour les\u00a0<strong>sourds et malentendants<\/strong>\u00a0: Anthony Guyon, com\u00e9dien et directeur de la compagnie m\u00e8ne les visites en LSF.<\/li>\n<li>Nous nous formons avec l&rsquo;association Braille &amp; Culture pour l&rsquo;adaptation de nos visites au public\u00a0<strong>d\u00e9ficient visuel<\/strong>.<\/li>\n<li>Nous essayons \u00e9galement de noter, pour chaque visite, si elle est accessible aux personnes en\u00a0<strong>fauteuil roulant<\/strong>, \u00e9lectriques et manuels.<\/li>\n<li>En ce qui concerne les\u00a0<strong>handicaps psychiques, mentaux et cognitifs<\/strong>, le plus simple est de nous contacter ! Nous avons d\u00e9j\u00e0 re\u00e7u de nombreux groupes de tous \u00e2ges, avec tous types de handicaps, nous pourrons d\u00e9finir ensemble la visite la plus adapt\u00e9e en fonction de votre groupe.<\/li>\n<\/ul>\n<p>Vous trouverez sur cette page, la liste des visites accessibles pour chaque type de handicap. La liste est encore assez courte mais n&rsquo;ayez crainte, elle s&rsquo;allongera avec le temps ! &#x1f609;<\/p>\n<h2>Visites accessibles avec un fauteuil roulant<\/h2>\n<ul>\n<li>\u00ab\u00a0<strong><a href=\"https:\/\/visite-lyon.fr\/scolaires\/college-seconde-guerre-mondiale\/\">L&rsquo;attente, la vie \u00e0 Lyon sous l&rsquo;occupation<\/a><\/strong>\u00a0\u00bb &#8211; Visite cont\u00e9e du quartier de Jean Mac\u00e9. CM2, Coll\u00e8ge, Lyc\u00e9e<\/li>\n<li>\u00ab\u00a0<strong><a href=\"https:\/\/visite-lyon.fr\/scolaires\/visite-contee-hotel-dieu\/\">Les empoisonn\u00e9s du grand d\u00f4me<\/a><\/strong>\u00a0\u00bb &#8211; Visite cont\u00e9e de l&rsquo;H\u00f4tel-Dieu. Tous publics \u00e0 partir du CE2<\/li>\n<\/ul>\n<p>Les visites dans le Vieux-Lyon sont accessibles mais requi\u00e8rent une aide pour monter 1 ou 2 marches \u00e0 certains endroits.<\/p>\n<ul>\n<li>\u00ab\u00a0<strong><a href=\"https:\/\/visite-lyon.fr\/scolaires\/maternelles\/\">Alphonse et la vache M\u00e9lodie<\/a><\/strong>\u00a0\u00bb &#8211; Visite musicale et cont\u00e9e du Vieux-Lyon. Maternelles<\/li>\n<li>\u00ab\u00a0<strong><a href=\"https:\/\/visite-lyon.fr\/scolaires\/primaires-vieux-lyon\/\">Petit Pierre et la magie des imprimeurs<\/a><\/strong>\u00a0\u00bb &#8211; Visite cont\u00e9e du Vieux-Lyon. Cycles 2 et 3<\/li>\n<li>\u00ab\u00a0<strong><a href=\"https:\/\/visite-lyon.fr\/scolaires\/college-vieux-lyon\/\">Discorde dans l&rsquo;imprimerie<\/a><\/strong>\u00a0\u00bb &#8211; Visite cont\u00e9e du Vieux-Lyon. Tous publics \u00e0 partir du CM2<\/li>\n<\/ul>\n<h2>Visites disponibles en LSF<\/h2>\n<ul>\n<li>\u00ab\u00a0<strong><a href=\"https:\/\/visite-lyon.fr\/scolaires\/croix-rousse\/\">Jir\u00f4me ou la r\u00e9volte d&rsquo;un canut<\/a><\/strong>\u00a0\u00bb &#8211; Visite cont\u00e9e de la Croix-Rousse. CM2, Coll\u00e8ge, Lyc\u00e9e.<\/li>\n<li>\u00ab\u00a0<strong><a href=\"https:\/\/visite-lyon.fr\/scolaires\/college-vieux-lyon\/\">Discorde dans l&rsquo;imprimerie<\/a><\/strong>\u00a0\u00bb &#8211; Visite cont\u00e9e du Vieux-Lyon. Tous publics \u00e0 partir du CM2<\/li>\n<\/ul>\n<h2>Visites accessibles au public d\u00e9ficient visuel<\/h2>\n<p>Au printemps 2024 toute l&rsquo;\u00e9quipe a suivi une formation personnalis\u00e9e avec AcceSens, une association sp\u00e9cialis\u00e9e dans l&rsquo;adaptation des propositions culturelles au public d\u00e9ficient visuel. Nous sommes d\u00e9sormais capables d&rsquo;adapter <strong><a href=\"https:\/\/visite-lyon.fr\/scolaires\/visites-contees-ludiques-de-lyon-pour-les-scolaires\/\">toutes nos visites<\/a><\/strong> sauf la visite \u00ab\u00a0Simone la H\u00e9rissone\u00a0\u00bb pour les maternelles qui propose une initiation \u00e0 la LSF et qui n&rsquo;est pas adaptable. Pour un public d&rsquo;enfants de 3 \u00e0 6 ans d\u00e9ficients visuels nous vous recommandons la visite \u00ab\u00a0<strong><a href=\"https:\/\/visite-lyon.fr\/scolaires\/maternelles-vieux-lyon\/\">Alphonse et le Lion Spaghetti<\/a><\/strong>\u00a0\u00bb qui est bas\u00e9 sur des chansons.<\/p>\n","protected":false},"excerpt":{"rendered":"<p>Depuis d\u00e9but 2019, nous travaillons pour rendre nos visites accessibles aux diff\u00e9rents types de handicaps. Nous travaillons avec la Cie On Off, sp\u00e9cialis\u00e9e en spectacles et activit\u00e9s culturelles pour les\u00a0sourds et malentendants\u00a0: Anthony Guyon, com\u00e9dien et directeur de la compagnie m\u00e8ne les visites en LSF. Nous nous formons avec l&rsquo;association Braille &amp; Culture pour l&rsquo;adaptation&hellip;<\/p>\n","protected":false},"author":1,"featured_media":0,"parent":0,"menu_order":0,"comment_status":"closed","ping_status":"closed","template":"","meta":{"footnotes":""},"class_list":["post-1153","page","type-page","status-publish","hentry","entry","no-media"],"yoast_head":"<!-- This site is optimized with the Yoast SEO plugin v27.4 - https:\/\/yoast.com\/product\/yoast-seo-wordpress\/ -->\n<title>Accessibilit\u00e9 - Visites cont\u00e9es de Lyon - Cyb\u00e8le<\/title>\n<meta name=\"robots\" content=\"index, follow, max-snippet:-1, max-image-preview:large, max-video-preview:-1\" \/>\n<link rel=\"canonical\" href=\"https:\/\/visite-lyon.fr\/scolaires\/accessibilite\/\" \/>\n<meta property=\"og:locale\" content=\"fr_FR\" \/>\n<meta property=\"og:type\" content=\"article\" \/>\n<meta property=\"og:title\" content=\"Accessibilit\u00e9 - Visites cont\u00e9es de Lyon - Cyb\u00e8le\" \/>\n<meta property=\"og:description\" content=\"Depuis d\u00e9but 2019, nous travaillons pour rendre nos visites accessibles aux diff\u00e9rents types de handicaps. Nous travaillons avec la Cie On Off, sp\u00e9cialis\u00e9e en spectacles et activit\u00e9s culturelles pour les\u00a0sourds et malentendants\u00a0: Anthony Guyon, com\u00e9dien et directeur de la compagnie m\u00e8ne les visites en LSF. Nous nous formons avec l&rsquo;association Braille &amp; Culture pour l&rsquo;adaptation&hellip;\" \/>\n<meta property=\"og:url\" content=\"https:\/\/visite-lyon.fr\/scolaires\/accessibilite\/\" \/>\n<meta property=\"og:site_name\" content=\"Visites cont\u00e9es de Lyon - Cyb\u00e8le\" \/>\n<meta property=\"article:publisher\" content=\"https:\/\/www.facebook.com\/sortiescolairelyon\/\" \/>\n<meta property=\"article:modified_time\" content=\"2024-07-09T08:24:01+00:00\" \/>\n<meta name=\"twitter:label1\" content=\"Dur\u00e9e de lecture estim\u00e9e\" \/>\n\t<meta name=\"twitter:data1\" content=\"2 minutes\" \/>\n<script type=\"application\/ld+json\" class=\"yoast-schema-graph\">{\"@context\":\"https:\\\/\\\/schema.org\",\"@graph\":[{\"@type\":\"WebPage\",\"@id\":\"https:\\\/\\\/visite-lyon.fr\\\/scolaires\\\/accessibilite\\\/\",\"url\":\"https:\\\/\\\/visite-lyon.fr\\\/scolaires\\\/accessibilite\\\/\",\"name\":\"Accessibilit\u00e9 - Visites cont\u00e9es de Lyon - Cyb\u00e8le\",\"isPartOf\":{\"@id\":\"https:\\\/\\\/visite-lyon.fr\\\/scolaires\\\/#website\"},\"datePublished\":\"2019-12-12T08:49:29+00:00\",\"dateModified\":\"2024-07-09T08:24:01+00:00\",\"breadcrumb\":{\"@id\":\"https:\\\/\\\/visite-lyon.fr\\\/scolaires\\\/accessibilite\\\/#breadcrumb\"},\"inLanguage\":\"fr-FR\",\"potentialAction\":[{\"@type\":\"ReadAction\",\"target\":[\"https:\\\/\\\/visite-lyon.fr\\\/scolaires\\\/accessibilite\\\/\"]}]},{\"@type\":\"BreadcrumbList\",\"@id\":\"https:\\\/\\\/visite-lyon.fr\\\/scolaires\\\/accessibilite\\\/#breadcrumb\",\"itemListElement\":[{\"@type\":\"ListItem\",\"position\":1,\"name\":\"Accueil\",\"item\":\"https:\\\/\\\/visite-lyon.fr\\\/scolaires\\\/\"},{\"@type\":\"ListItem\",\"position\":2,\"name\":\"Accessibilit\u00e9\"}]},{\"@type\":\"WebSite\",\"@id\":\"https:\\\/\\\/visite-lyon.fr\\\/scolaires\\\/#website\",\"url\":\"https:\\\/\\\/visite-lyon.fr\\\/scolaires\\\/\",\"name\":\"Visites cont\u00e9es de Lyon - Cyb\u00e8le\",\"description\":\"Quand Cyb\u00e8le raconte Lyon, vos enfants voyagent dans le temps.\",\"publisher\":{\"@id\":\"https:\\\/\\\/visite-lyon.fr\\\/scolaires\\\/#organization\"},\"potentialAction\":[{\"@type\":\"SearchAction\",\"target\":{\"@type\":\"EntryPoint\",\"urlTemplate\":\"https:\\\/\\\/visite-lyon.fr\\\/scolaires\\\/?s={search_term_string}\"},\"query-input\":{\"@type\":\"PropertyValueSpecification\",\"valueRequired\":true,\"valueName\":\"search_term_string\"}}],\"inLanguage\":\"fr-FR\"},{\"@type\":\"Organization\",\"@id\":\"https:\\\/\\\/visite-lyon.fr\\\/scolaires\\\/#organization\",\"name\":\"Cyb\u00e8le\",\"url\":\"https:\\\/\\\/visite-lyon.fr\\\/scolaires\\\/\",\"logo\":{\"@type\":\"ImageObject\",\"inLanguage\":\"fr-FR\",\"@id\":\"https:\\\/\\\/visite-lyon.fr\\\/scolaires\\\/#\\\/schema\\\/logo\\\/image\\\/\",\"url\":\"https:\\\/\\\/visite-lyon.fr\\\/scolaires\\\/wp-content\\\/uploads\\\/2015\\\/01\\\/logo-cybele.png\",\"contentUrl\":\"https:\\\/\\\/visite-lyon.fr\\\/scolaires\\\/wp-content\\\/uploads\\\/2015\\\/01\\\/logo-cybele.png\",\"width\":269,\"height\":100,\"caption\":\"Cyb\u00e8le\"},\"image\":{\"@id\":\"https:\\\/\\\/visite-lyon.fr\\\/scolaires\\\/#\\\/schema\\\/logo\\\/image\\\/\"},\"sameAs\":[\"https:\\\/\\\/www.facebook.com\\\/sortiescolairelyon\\\/\",\"https:\\\/\\\/x.com\\\/Cybele_arts\",\"http:\\\/\\\/cybelearts\"]}]}<\/script>\n<!-- \/ Yoast SEO plugin. -->","yoast_head_json":{"title":"Accessibilit\u00e9 - Visites cont\u00e9es de Lyon - Cyb\u00e8le","robots":{"index":"index","follow":"follow","max-snippet":"max-snippet:-1","max-image-preview":"max-image-preview:large","max-video-preview":"max-video-preview:-1"},"canonical":"https:\/\/visite-lyon.fr\/scolaires\/accessibilite\/","og_locale":"fr_FR","og_type":"article","og_title":"Accessibilit\u00e9 - Visites cont\u00e9es de Lyon - Cyb\u00e8le","og_description":"Depuis d\u00e9but 2019, nous travaillons pour rendre nos visites accessibles aux diff\u00e9rents types de handicaps. Nous travaillons avec la Cie On Off, sp\u00e9cialis\u00e9e en spectacles et activit\u00e9s culturelles pour les\u00a0sourds et malentendants\u00a0: Anthony Guyon, com\u00e9dien et directeur de la compagnie m\u00e8ne les visites en LSF. Nous nous formons avec l&rsquo;association Braille &amp; Culture pour l&rsquo;adaptation&hellip;","og_url":"https:\/\/visite-lyon.fr\/scolaires\/accessibilite\/","og_site_name":"Visites cont\u00e9es de Lyon - Cyb\u00e8le","article_publisher":"https:\/\/www.facebook.com\/sortiescolairelyon\/","article_modified_time":"2024-07-09T08:24:01+00:00","twitter_misc":{"Dur\u00e9e de lecture estim\u00e9e":"2 minutes"},"schema":{"@context":"https:\/\/schema.org","@graph":[{"@type":"WebPage","@id":"https:\/\/visite-lyon.fr\/scolaires\/accessibilite\/","url":"https:\/\/visite-lyon.fr\/scolaires\/accessibilite\/","name":"Accessibilit\u00e9 - Visites cont\u00e9es de Lyon - Cyb\u00e8le","isPartOf":{"@id":"https:\/\/visite-lyon.fr\/scolaires\/#website"},"datePublished":"2019-12-12T08:49:29+00:00","dateModified":"2024-07-09T08:24:01+00:00","breadcrumb":{"@id":"https:\/\/visite-lyon.fr\/scolaires\/accessibilite\/#breadcrumb"},"inLanguage":"fr-FR","potentialAction":[{"@type":"ReadAction","target":["https:\/\/visite-lyon.fr\/scolaires\/accessibilite\/"]}]},{"@type":"BreadcrumbList","@id":"https:\/\/visite-lyon.fr\/scolaires\/accessibilite\/#breadcrumb","itemListElement":[{"@type":"ListItem","position":1,"name":"Accueil","item":"https:\/\/visite-lyon.fr\/scolaires\/"},{"@type":"ListItem","position":2,"name":"Accessibilit\u00e9"}]},{"@type":"WebSite","@id":"https:\/\/visite-lyon.fr\/scolaires\/#website","url":"https:\/\/visite-lyon.fr\/scolaires\/","name":"Visites cont\u00e9es de Lyon - Cyb\u00e8le","description":"Quand Cyb\u00e8le raconte Lyon, vos enfants voyagent dans le temps.","publisher":{"@id":"https:\/\/visite-lyon.fr\/scolaires\/#organization"},"potentialAction":[{"@type":"SearchAction","target":{"@type":"EntryPoint","urlTemplate":"https:\/\/visite-lyon.fr\/scolaires\/?s={search_term_string}"},"query-input":{"@type":"PropertyValueSpecification","valueRequired":true,"valueName":"search_term_string"}}],"inLanguage":"fr-FR"},{"@type":"Organization","@id":"https:\/\/visite-lyon.fr\/scolaires\/#organization","name":"Cyb\u00e8le","url":"https:\/\/visite-lyon.fr\/scolaires\/","logo":{"@type":"ImageObject","inLanguage":"fr-FR","@id":"https:\/\/visite-lyon.fr\/scolaires\/#\/schema\/logo\/image\/","url":"https:\/\/visite-lyon.fr\/scolaires\/wp-content\/uploads\/2015\/01\/logo-cybele.png","contentUrl":"https:\/\/visite-lyon.fr\/scolaires\/wp-content\/uploads\/2015\/01\/logo-cybele.png","width":269,"height":100,"caption":"Cyb\u00e8le"},"image":{"@id":"https:\/\/visite-lyon.fr\/scolaires\/#\/schema\/logo\/image\/"},"sameAs":["https:\/\/www.facebook.com\/sortiescolairelyon\/","https:\/\/x.com\/Cybele_arts","http:\/\/cybelearts"]}]}},"_links":{"self":[{"href":"https:\/\/visite-lyon.fr\/scolaires\/wp-json\/wp\/v2\/pages\/1153","targetHints":{"allow":["GET"]}}],"collection":[{"href":"https:\/\/visite-lyon.fr\/scolaires\/wp-json\/wp\/v2\/pages"}],"about":[{"href":"https:\/\/visite-lyon.fr\/scolaires\/wp-json\/wp\/v2\/types\/page"}],"author":[{"embeddable":true,"href":"https:\/\/visite-lyon.fr\/scolaires\/wp-json\/wp\/v2\/users\/1"}],"replies":[{"embeddable":true,"href":"https:\/\/visite-lyon.fr\/scolaires\/wp-json\/wp\/v2\/comments?post=1153"}],"version-history":[{"count":15,"href":"https:\/\/visite-lyon.fr\/scolaires\/wp-json\/wp\/v2\/pages\/1153\/revisions"}],"predecessor-version":[{"id":2208,"href":"https:\/\/visite-lyon.fr\/scolaires\/wp-json\/wp\/v2\/pages\/1153\/revisions\/2208"}],"wp:attachment":[{"href":"https:\/\/visite-lyon.fr\/scolaires\/wp-json\/wp\/v2\/media?parent=1153"}],"curies":[{"name":"wp","href":"https:\/\/api.w.org\/{rel}","templated":true}]}}